*k**2 - 9*k + 11. Let u(d) = 11*c(d) - 2*o(d). What is the units digit of u(9)?
9
Suppose 0 = v - 5*d - 13, 0 + 3 = 3*v - 3*d. What is the units digit of 546/18 + v/6?
0
Let y = 279 - 228. What is the units digit of y?
1
What is the tens digit of 37 - (-3 - -3 - -3)?
3
Let x = -4 + 6. Suppose -42 = -4*u - 2*b, x*b + 0*b = -2. What is the tens digit of u?
1
Let p = -2 + -5. Let z = p + 42. Suppose -2*f + 0*f = -3*v + z, 5*v + 4*f - 51 = 0. What is the units digit of v?
1
Suppose -2 = b + 5*l - 14, 3*b = 5*l + 56. What is the tens digit of b?
1
Let n(j) = 4 - j**2 + 5*j + j**3 - 5*j**2 + 2. What is the units digit of n(5)?
6
Suppose h + 2*h = 18. Suppose -2*u - l = -h*l + 4, -3*l + 4 = -u. What is the units digit of u?
8
Suppose -5*h = -3*h - 72. Let a = h + -13. What is the units digit of a?
3
What is the tens digit of -1 + 411 + 1 + 3?
1
Let d(f) = 3*f**3 - 3*f**2 - 10*f + 2. What is the tens digit of d(5)?
5
Let b be (5 - 4)/(1/(-2)). Let l = b + 9. What is the units digit of l?
7
Let l be 3/2*(-16)/(-6). Suppose -a = -3*v + 109, -12 = -l*v + 4*a + 136. What is the units digit of v?
6
Let w = 53 + -75. Let x = 5 - w. What is the units digit of x?
7
What is the hundreds digit of ((-805)/(-10) - 6)/(2/4)?
1
Let f be (1 - 3/(-3)) + 56. Suppose 7 = 5*x - f. What is the tens digit of x?
1
Let s(x) = -x**3 + 5*x**2 + 18*x - 4. Let t = 27 - 20. What is the tens digit of s(t)?
2
Let x be (-12 - 6)/((-2)/(-2)). What is the tens digit of 3 - (-2 + x) - 0?
2
Let f(n) = n**3 - 3*n**2 - n - 6. Let a be f(5). Suppose 3*p - a = -u, -4*u + 6*p = 5*p - 91. What is the tens digit of u?
2
Let f = 8 - -7. What is the tens digit of f?
1
Let h(l) = -l**3 + 8*l**2 + 10*l - 9. Let v be h(9). Suppose v = -2*d - 9 + 33. What is the tens digit of d?
1
Let v(d) = 6*d + 7 - 5*d + 11*d. What is the tens digit of v(3)?
4
What is the units digit of 4/(-16) + 81/4?
0
Let z(m) = 29*m. What is the hundreds digit of z(8)?
2
Let j(c) be the first derivative of c**4/4 + 3*c**3 + 3*c + 3. What is the units digit of j(-9)?
3
Let t = -6 + 13. Suppose 5*x + 57 = 5*c + t, 0 = -2*c + 5*x + 5. What is the units digit of c?
5
Suppose 2*p + 63 = -8*c + 3*c, 0 = -5*p + 4*c - 108. Let y = p + 38. What is the units digit of y?
4
Let a(j) = j**2 + 12*j + 9. Let n be a(-9). Let y = 0 - n. What is the tens digit of y?
1
Let a(s) = -s**2 + 6*s - 6. Let m be a(4). Suppose 8 - 1 = p + 2*x, -3*x + 14 = -m*p. What is the tens digit of -2 - (p - -2)*-12?
1
Suppose -t + 3*t = 18. What is the units digit of t?
9
Let l be (-2 - 15/(-6))*10. Let x = 26 - l. What is the units digit of x?
1
Let a(l) = -l**3 - 17*l**2 - 36*l + 35. What is the tens digit of a(-15)?
2
Let b = 69 + -31. Suppose -4*k - 6 = -2*s + b, 5*k = s - 37. What is the units digit of s?
2
Let w(d) = -d**3 - 2*d**2 - 1. Let a(v) = v**3 + v + 3. Let h be a(0). Suppose 3*z - 4*s + 9*s = 11, -h*s + 9 = z. What is the units digit of w(z)?
8
Suppose -5*t = -4 - 26. What is the units digit of t/(-12) + 23/2?
1
Let t be -2 + 4 - (1 + 1). Suppose 2 = p - 3*q - t*q, -5*p - 22 = q. What is the units digit of ((-2)/(-4))/(p/(-32))?
4
Let l = 9 + -16. Let i = 11 + l. What is the units digit of (i/(-5))/(6/(-45))?
6
Suppose -5*p + 77 = 12. What is the units digit of p?
3
Let w = 70 - 27. What is the tens digit of w?
4
What is the units digit of 2415/49 - (-2)/(-7)?
9
Let p be (-2)/(-8) + 135/36. Suppose 6 = p*s - s. What is the units digit of 14 + s*(-9)/(-6)?
7
Suppose 2*g = 19 + 41. Suppose -4*v = -6*v + g. What is the tens digit of v?
1
What is the hundreds digit of (-21)/(-42)*618/1?
3
Suppose 3*k - 2*v - 3 = v, 1 = -3*k + v. What is the units digit of (k + -1)*(-5)/2?
5
Let k(y) = -4*y**3 + 2*y**2 - 1. Let v be k(-1). What is the tens digit of 16/v*(-10)/(-2)?
1
Suppose 4 = a + 3. Suppose -p + 3 = -4*p. What is the units digit of 3 - (-2 + a - p)?
3
Suppose -4*s - 5*i - 4 = 9, -3*s - 2*i = 1. Suppose 0 = q - 3 - s. What is the units digit of q?
6
Let w be 1 + (1 - 3 - -6). Suppose -w*x = -49 + 4. Let q = 19 - x. What is the tens digit of q?
1
Suppose -3*v = -0*v - 15. Suppose 0 = 2*x - v*t - 36, 0 = 2*x - 5*x + 5*t + 49. Suppose 0 = 3*f - 29 - x. What is the units digit of f?
4
Let l = -2 - 2. Let r be (l + 3)*(-6)/2. What is the units digit of r/6 - 5/(-2)?
3
Let c(v) = -17*v + 2. What is the units digit of c(-4)?
0
Let n = -5 + 8. Suppose n*t - 4*r - 14 = -2*t, 3*t + 2*r - 4 = 0. What is the units digit of t?
2
Suppose x = -5, 0 = f + x + 2 - 0. Suppose f*s = 3*o, s = 1 + 3. Suppose -o*t = -l - 9, 0 = -2*l + 3*t + 8 - 1. What is the units digit of l?
1
Let q = -693 + 1024. What is the hundreds digit of q?
3
Suppose k = -2*k + 45. Let x be ((-10)/k)/(4/(-18)). Suppose x*r + 2*r + 4*u = 71, -5*r = -5*u - 80. What is the units digit of r?
5
Let t(c) = c**2 - c + 2. Let o be t(2). Let a be (-6)/(-27) + (-68)/(-18). Suppose a*h = -o*r + 24 + 8, -5*h = -4*r - 4. What is the units digit of r?
4
Let z(i) = -17*i**3 - 2*i**2 - 4*i - 3. Let w be z(-2). Suppose -10 = 2*s, -4*k + 5*s = 8 - w. What is the units digit of k?
5
Suppose 3*v = 4 + 5. Let y = v - 0. Suppose 5*w = y*w + 18. What is the units digit of w?
9
Let l(k) = k**3 + 6*k**2 + 8*k + 4. Let v be l(-5). Let b(f) = f**3 + 11*f**2 - f - 4. What is the units digit of b(v)?
7
Suppose 5*r + 2*x = -106, -5*r + 2*x - 34 = -3*r. Let t = -33 - r. Let m = -6 - t. What is the units digit of m?
7
Suppose -2*s = 9 - 29. What is the units digit of (-5)/(-1)*16/s?
8
Let x(r) = r**3 - 2*r + 2. Let n be x(2). Suppose -p + n*p = 75. What is the tens digit of p?
1
Let g(o) = o - 27. Let q be g(0). Let r = q + 54. What is the units digit of r?
7
Let y be 7*3*1/3. What is the units digit of -1 - (0 - (y - 3))?
3
What is the hundreds digit of 2 + (-24)/10 + 6222/30?
2
Let o = 23 + 0. Suppose 0 = -4*g + 4*x + 4, 7 = 2*g + 5*x - o. Let w = g + -4. What is the units digit of w?
1
Suppose -8*v + 25 = -3*v. Suppose q - 34 = 3*p, -15 = 4*q + v*p - 185. What is the tens digit of q?
4
What is the units digit of (1/((-1)/(-94)))/2?
7
Let d = 13 - 31. Let k = d - -23. What is the units digit of k?
5
Let p = 252 - 139. What is the tens digit of p?
1
Let w(l) = l**2 + 14*l - 60. What is the tens digit of w(-25)?
1
Let c(q) = -q**3 + 8*q**2 + q - 6. Let g(r) = -3*r. Let t be g(1). Let h(p) = 2*p**2 + 2*p - 4. Let n be h(t). What is the units digit of c(n)?
2
Let b(c) = -c**2 + 3 + 10 - 4 - 9*c + 0. What is the units digit of b(-9)?
9
Let z(l) = -l**3 + 3*l**2 - 3*l + 3. Let n be z(3). Let o = n - -9. Suppose o*h - 24 = 12. What is the units digit of h?
2
Let r(c) = -c + 4. Let d be -1*(-6)/2 - 19. What is the tens digit of r(d)?
2
Let u(l) = 2*l**2 + 32*l - 7. What is the tens digit of u(-18)?
6
Suppose 9*j - 375 = 4*j. What is the units digit of j?
5
Let t be (6/18)/(1/3). Let s(o) = -10*o**2 + 2*o - 1. Let b be s(t). Let p = b + 14. What is the units digit of p?
5
Suppose -5*c - g = 29, 0*g = 4*c - 2*g + 12. What is the units digit of 3*(-5)/(c/9)?
7
Let y(v) = -v**2 + v - 1. Let i(x) = x**2 + 6*x + 8. Let u(o) = i(o) + 2*y(o). What is the units digit of u(7)?
3
Let h(j) = j. Let u(k) = 9*k + 6. Let s(r) = 12*h(r) - u(r). What is the units digit of s(4)?
6
Let c(a) = -29*a - 22. What is the hundreds digit of c(-6)?
1
Let v be 4/(-6) + (-14)/6. Let u = v - -6. Suppose u*i + q = 34, -4*i - 70 = -9*i - 5*q. What is the tens digit of i?
1
Suppose 108 - 600 = -4*c. Suppose -3*g + c = 5*b, -3*g + 34 = -2*g + 4*b. What is the tens digit of g?
4
Suppose q = -6*t + t + 11, t = 5*q + 23. What is the units digit of t/15 + 208/10?
1
Suppose 2 = 3*a + 4*o - 4, 2*o + 36 = 5*a. Let b be (26/a)/(3/(-9)). Let g = -9 - b. What is the units digit of g?
4
Suppose -u - 3*v - 4 = -17, 4*u - 4*v = 4. Suppose o + u*t = 2, -t + 6*t = 5. What is the units digit of 9 + -3 + 2 + o?
6
Suppose -8 = 2*t + 2*h, -3*t + 3*h = 4*h + 16. What is the units digit of (-22)/(-4)*(2 - t)?
4
Let a be (-5)/3*(-3 + -9). Let d = -8 + a. Suppose -4*y + d = -4. What is the units digit of y?
4
Let m(c) = c**3 + 6*c**2 + 5*c + 5. Let f(o) = 4*o - 1. Let h be f(-1). What is the units digit of m(h)?
5
Suppose -2*r - 308 = 2*r. Let h be (r/7)/(2/(-12)). What is the tens digit of ((-2)/(-3))/(4/h)?
1
Let c(u) be the third derivative of -u**7/5040 + u**5/20 - u**2. Let h(t) b